{"id":55,"date":"2023-03-12T10:08:52","date_gmt":"2023-03-12T10:08:52","guid":{"rendered":"https:\/\/test.lesnejezioro.pl\/?page_id=55"},"modified":"2023-03-13T13:16:45","modified_gmt":"2023-03-13T13:16:45","slug":"kontakt","status":"publish","type":"page","link":"https:\/\/test.lesnejezioro.pl\/?page_id=55","title":{"rendered":"Kontakt"},"content":{"rendered":"\n<h2 class=\"has-text-align-center has-cyan-bluish-gray-color has-text-color\"><strong><em>Kontakt<\/em><\/strong><\/h2>\n\n\n\n<div data-label=\"Features\" data-id=\"features-12-card-bordered\" data-export-id=\"features-12-card-bordered\" data-category=\"features\" class=\"features-12-card-bordered content-section content-section-spacing \" id=\"features-3\" style=\"background-color: rgb(255, 255, 255);\">\n        <div class=\"gridContainer\">\n            <div class=\"row spaced-cols\" data-type=\"row\">\n                <div class=\"col-sm-6 col-md-4 \">\n                    <div class=\"card row-card bordered y-move\">\n                        <div class=\"row\">\n                            <div class=\"col-sm-fit icon-column\"> <i class=\"fa icon fa-phone large color2\"> <\/i> <\/div> <div class=\"col-sm\" data-type=\"column\">\n                                <h5 class=\"color2\"> Numer telefonu<\/h5> <p class=\"\">\n                                    602-695-557\n                                    <br>+48-602-695-557<br><br>\n                                <\/p>\n                            <\/div>\n                        <\/div>\n                    <\/div>\n                <\/div> <div class=\"col-sm-6 col-md-4 \">\n                    <div class=\"card row-card bordered y-move\">\n                        <div class=\"row\">\n                            <div class=\"col-sm-fit icon-column\"> <i class=\"fa icon fa-location-arrow large color2\"> <\/i> <\/div> <div class=\"col-sm\" data-type=\"column\">\n                                <h5 class=\"color2\"> Adres<\/h5> <p class=\"\">\n                                    Agroturystyka Le\u015bne Jezioro<br>\n                                    Nowa Wie\u015b Ostr\u00f3dzka 13<br>\n                                    11-015 Olsztynek\n                                <\/p>\n                            <\/div>\n                        <\/div>\n                    <\/div>\n                <\/div> <div class=\"col-sm-6 col-md-4 \">\n                    <div class=\"card row-card bordered y-move\">\n                        <div class=\"row\">\n                            <div class=\"col-sm-fit icon-column\"> <i class=\"fa icon fa-envelope large color2\"> <\/i> <\/div> <div class=\"col-sm\" data-type=\"column\">\n                                <h5 class=\"color2\"> E-MAIL<\/h5> <p class=\"\">\n                                    <br>ewa@lesnejezioro.pl<br><br>\n                                <\/p>\n                            <\/div>\n                        <\/div>\n                    <\/div>\n                <\/div>\n            <\/div>\n        <\/div>\n    <\/div>\n\n\n\n<h2 class=\"has-text-align-center has-cyan-bluish-gray-color has-text-color\"><strong><em>Lokalizacja<\/em><\/strong><\/h2>\n\n\n\n<figure class=\"is-layout-flex wp-block-gallery-1 wp-block-gallery has-nested-images columns-default is-cropped\">\n<figure class=\"wp-block-image size-large\"><img decoding=\"async\" loading=\"lazy\" width=\"693\" height=\"468\" data-id=\"369\"  src=\"https:\/\/test.lesnejezioro.pl\/wp-content\/uploads\/2023\/03\/contact-location.png\" alt=\"\" class=\"wp-image-369\" srcset=\"https:\/\/test.lesnejezioro.pl\/wp-content\/uploads\/2023\/03\/contact-location.png 693w, https:\/\/test.lesnejezioro.pl\/wp-content\/uploads\/2023\/03\/contact-location-300x203.png 300w\" sizes=\"(max-width: 693px) 100vw, 693px\" \/><\/figure>\n\n\n\n<figure class=\"wp-block-image size-large\"><img decoding=\"async\" loading=\"lazy\" width=\"1024\" height=\"907\" data-id=\"8\"  src=\"https:\/\/test.lesnejezioro.pl\/wp-content\/uploads\/2023\/03\/contact-map_pl-1024x907.png\" alt=\"\" class=\"wp-image-8\" srcset=\"https:\/\/test.lesnejezioro.pl\/wp-content\/uploads\/2023\/03\/contact-map_pl-1024x907.png 1024w, https:\/\/test.lesnejezioro.pl\/wp-content\/uploads\/2023\/03\/contact-map_pl-300x266.png 300w, https:\/\/test.lesnejezioro.pl\/wp-content\/uploads\/2023\/03\/contact-map_pl-768x680.png 768w, https:\/\/test.lesnejezioro.pl\/wp-content\/uploads\/2023\/03\/contact-map_pl-1536x1361.png 1536w, https:\/\/test.lesnejezioro.pl\/wp-content\/uploads\/2023\/03\/contact-map_pl.png 1559w\" sizes=\"(max-width: 1024px) 100vw, 1024px\" \/><\/figure>\n<\/figure>\n","protected":false},"excerpt":{"rendered":"<p>Kontakt Numer telefonu 602-695-557 +48-602-695-557 Adres Agroturystyka Le\u015bne Jezioro Nowa Wie\u015b Ostr\u00f3dzka 13 11-015 Olsztynek E-MAIL ewa@lesnejezioro.pl Lokalizacja<\/p>\n","protected":false},"author":1,"featured_media":0,"parent":0,"menu_order":0,"comment_status":"closed","ping_status":"closed","template":"","meta":[],"_links":{"self":[{"href":"https:\/\/test.lesnejezioro.pl\/index.php?rest_route=\/wp\/v2\/pages\/55"}],"collection":[{"href":"https:\/\/test.lesnejezioro.pl\/index.php?rest_route=\/wp\/v2\/pages"}],"about":[{"href":"https:\/\/test.lesnejezioro.pl\/index.php?rest_route=\/wp\/v2\/types\/page"}],"author":[{"embeddable":true,"href":"https:\/\/test.lesnejezioro.pl\/index.php?rest_route=\/wp\/v2\/users\/1"}],"replies":[{"embeddable":true,"href":"https:\/\/test.lesnejezioro.pl\/index.php?rest_route=%2Fwp%2Fv2%2Fcomments&post=55"}],"version-history":[{"count":10,"href":"https:\/\/test.lesnejezioro.pl\/index.php?rest_route=\/wp\/v2\/pages\/55\/revisions"}],"predecessor-version":[{"id":378,"href":"https:\/\/test.lesnejezioro.pl\/index.php?rest_route=\/wp\/v2\/pages\/55\/revisions\/378"}],"wp:attachment":[{"href":"https:\/\/test.lesnejezioro.pl\/index.php?rest_route=%2Fwp%2Fv2%2Fmedia&parent=55"}],"curies":[{"name":"wp","href":"https:\/\/api.w.org\/{rel}","templated":true}]}}