{"id":218,"date":"2023-03-12T12:33:59","date_gmt":"2023-03-12T12:33:59","guid":{"rendered":"https:\/\/test.lesnejezioro.pl\/?page_id=218"},"modified":"2023-03-13T13:22:14","modified_gmt":"2023-03-13T13:22:14","slug":"mesmerize-2","status":"publish","type":"page","link":"https:\/\/test.lesnejezioro.pl\/","title":{"rendered":"Front Page"},"content":{"rendered":"<div data-label=\"About\" data-id=\"about--2\" data-export-id=\"about-1\" data-category=\"about\" class=\"about-1 content-section\" id=\"about-3\"  style=\"background-color: rgb(245, 250, 253);\"><div class=\"gridContainer\" > <div class=\"row text-center\" ><div class=\"section-title-col\" data-type=\"column\" >  <h2 class=\"\" >Ekologiczne gospodarstwo agroturystyczne<br ><span href=\"#\" style=\"font-weight: 700; font-family: Playfair Display,sans-serif; font-style: italic;\" >&#8222;Le\u015bne Jezioro&#8221;<\/span><\/h2> <p class=\"lead\" >zaprasza na mi\u0142y urlop<\/p><\/div> <\/div> <div class=\"row\" > <div class=\"button-holder space-bottom space-bottom-small\" data-type=\"column\" > <\/div> <div class=\"col-xs bottom-xs flexbox image-group-bottom-3-img space-bottom-xs center-xs\" > <img decoding=\"async\" class=\"left-img shadow-large-black\" data-size=\"500x300\" src=\"https:\/\/test.lesnejezioro.pl\/wp-content\/uploads\/2023\/03\/slider15.jpg\"  title=\"slider15\" alt=\"\"> <img decoding=\"async\" class=\"center-img shadow-large-black\" data-size=\"500x300\" src=\"https:\/\/test.lesnejezioro.pl\/wp-content\/uploads\/2023\/03\/slider3.jpg\"  title=\"slider3\" alt=\"\"> <img decoding=\"async\" class=\"right-img shadow-large-black\" data-size=\"500x300\" src=\"https:\/\/test.lesnejezioro.pl\/wp-content\/uploads\/2023\/03\/slider7.jpg\"  title=\"slider7\" alt=\"\"><\/div> <\/div><\/div> <\/div><div  id=\"content-14\" class=\"content-3 content-section content-section-spacing\" style=\"background-color: #ffffff;\" data-label=\"Content\" data-id=\"content-3\" data-export-id=\"content-3\" data-category=\"content\">\n<div >\n<div  class=\"row middle-xs\">\n<div  class=\"col-sm-7 full-col-left-padding full-col-right-padding\">\n<div  class=\"row\">\n<div  class=\"space-bottom-small content-title-col\" data-type=\"column\">\n<h5  class=\"\">Lokalizacja<\/h5>\n<h2  class=\"\">Pi\u0119kne miejsce<\/h2>\n<p  class=\"\">w wyj\u0105tkowej lokalizacji<\/p>\n<p  class=\"\">Jednym z najwa\u017cniejszych atut\u00f3w Le\u015bnego jeziora jest po\u0142o\u017cenie bezpo\u015brednio nad jeziorem Mielno, w otoczeniu sosnowych las\u00f3w, \u0142\u0105k i p\u00f3l. Lokalizacja \u0142\u0105czy w sobie blisko\u015b\u0107 natury i mo\u017cliwo\u015b\u0107 kontaktu z wod\u0105 z dobrze rozwini\u0119t\u0105 infrastruktur\u0105 turystyczn\u0105.<\/p>\n<\/div>\n<\/div>\n<div  class=\"row spaced-cols\" data-type=\"row\">\n<div  class=\"col-xs-6\" data-type=\"column\">\n<h5  class=\"\">Ekologia<\/h5>\n<p  class=\"\">Prowadzimy gospodarstwo rolne metod\u0105 ekologiczn\u0105, bez chemii. Produkty dostepne<\/p>\n<\/div>\n<div  class=\"col-xs-6\" data-type=\"column\">\n<h5  class=\"\">Zabytki<\/h5>\n<p  class=\"\">W bliskiej odleg\u0142o\u015bci Grunwald, zamek w Malborku Nidzicy i Ostr\u00f3dzie, Wilczy Szaniec i wiele innych.<\/p>\n<\/div>\n<div  class=\"col-xs-6\" data-type=\"column\">\n<h5  class=\"\">Zwierz\u0119ta<\/h5>\n<p  class=\"\">W gospodarstwie mo\u017cna spotka\u0107 kotki, pieski, kury, kurczaczki, kaczki, zaj\u0105czki, konie w naturalnych warunkach. Dzieci moga opiekowa\u0107 si\u0119 zwierz\u0105tkami.<\/p>\n<\/div>\n<div  class=\"col-xs-6\" data-type=\"column\">\n<h5  class=\"\">Okolice<\/h5>\n<p  class=\"\">Zielona okolica, ekologiczne uprawy, spok\u00f3j i czisza.<\/p>\n<\/div>\n<\/div>\n<\/div>\n<div  class=\"col-sm-5 bg-image shadow-large-black revert-classes-holder\" style=\"background-image: url('https:\/\/test.lesnejezioro.pl\/wp-content\/uploads\/2023\/03\/cropped-gallery57.jpg');\" data-bg=\"image\"><\/div>\n<\/div>\n<\/div>\n<\/div><div  id=\"content-13\" class=\"content-2 content-section content-section-spacing\" style=\"background-color: #f5fafd;\" data-label=\"Content\" data-id=\"content-2\" data-export-id=\"content-2\" data-category=\"content\">\n<div >\n<div  class=\"row middle-xs\">\n<div  class=\"col-sm-5 bg-image shadow-large-black\" style=\"background-image: url('https:\/\/test.lesnejezioro.pl\/wp-content\/uploads\/2023\/03\/cropped-slider2-scaled-1.jpg');\" data-bg=\"image\"><\/div>\n<div  class=\"col-sm-7 full-col-left-padding full-col-right-padding\">\n<div  class=\"row\">\n<div  class=\"space-bottom-small content-title-col\" data-type=\"column\">\n<h5  class=\"\">Aktywano\u015bci<\/h5>\n<h2  class=\"\">Nasze sekrety<\/h2>\n<p  class=\"\">ka\u017cdy nasz go\u015b\u0107 ma do dyspozycji wiele opcji spr\u0119dzania aktywnie czasu. Poni\u017cej tylko kilka, wiecej zna nasza gospodyni Ewa.<\/p>\n<\/div>\n<\/div>\n<div  class=\"row spaced-cols \" data-type=\"row\">\n<div  class=\"col-xs-6\" data-type=\"column\">\n<h5  class=\"\">W\u0119dkowanie<\/h5>\n<p  class=\"\">Go\u015bcie maja do dyspozycji kilka r\u00f3\u017cnych pomost\u00f3w i \u0142odzi. Mo\u017cna tu liczy\u0107 na \u0142adne leszcze, liny, p\u0142ocie, a tak\u017ce okonie, bolenie i szczupaki.<\/p>\n<\/div>\n<div  class=\"col-xs-6\" data-type=\"column\">\n<h5  class=\"\">Jazda konna<\/h5>\n<p  class=\"\">Posiadamy w\u0142asn\u0105 otwart\u0105 dla go\u015bci stadnin\u0119 i konie. Istnieje mo\u017cliwo\u015b\u0107 skorzystania z nauki jazdy konnej.<\/p>\n<\/div>\n<div  class=\"col-xs-6\" data-type=\"column\">\n<h5  class=\"\">Spacery, Bieganie<\/h5>\n<p  class=\"\">Zielone otoczenie gospodarstwa, polne drogi i natura, sprzyjaj\u0105 spacerom, uprawianiu nordic walking, bieganiu.<\/p>\n<\/div>\n<div  class=\"col-xs-6\" data-type=\"column\">\n<h5  class=\"\">Wyprawy rowerowe<\/h5>\n<p  class=\"\">Lorem ipsum dolor sit amet, consectetur adipisicing elit.<\/p>\n<\/div>\n<\/div>\n<\/div>\n<\/div>\n<\/div>\n<\/div><div  data-label=\"About\" data-id=\"about--1\" data-export-id=\"about-images-right-section\" data-category=\"about\" class=\"about-images-right-section content-section content-section-spacing\" id=\"about-2\" style=\"background-color: rgb(255, 255, 255);\"><div  class=\"gridContainer\"> <div  class=\"row middle-sm text-center\"><div  class=\"col-sm-5 content-left-sm\" data-type=\"column\">  <h2  class=\"\">Zapraszamy z wizyt\u0105 do&nbsp;<br ><span  style=\"font-family: Playfair Display,sans-serif; font-weight: 700; font-style: italic;\" href=\"#\">\u201eLe\u015bnego Jeziora\u201d&nbsp;<\/span><\/h2> <p  class=\"\">Lorem ipsum dolor sit amet, consectetur adipisicing elit, sed do eiusmod tempor incididunt ut labore et dolore magna aliqua. Ut enim ad minim veniam, quis nostrud exercitation ullamco laboris nisi ut aliquip ex ea commodo consequat.<\/p> <a class=\"button color1\" href=\"https:\/\/test.lesnejezioro.pl?page_id=35\" target=\"_self\" data-cp-link=\"1\" rel=\"noopener\">Oferta<\/a><a class=\"button blue\" href=\"https:\/\/test.lesnejezioro.pl?page_id=55\" target=\"_self\" data-cp-link=\"1\" rel=\"noopener\">Kontakt<\/a><\/div> <div  class=\"col-sm-7 space-bottom-xs\"><div  class=\"image-group-side-3-img\"> <img decoding=\"async\"  class=\"topimg shadow-large\" src=\"https:\/\/test.lesnejezioro.pl\/wp-content\/uploads\/2023\/03\/cropped-gallery30.jpg\" title=\"cropped-gallery30.jpg\" alt=\"\"> <img decoding=\"async\"  class=\"rightimg shadow-large\" src=\"https:\/\/test.lesnejezioro.pl\/wp-content\/uploads\/2023\/03\/cropped-gallery35-scaled-1.jpg\" title=\"gallery35\" alt=\"\"> <div  class=\"leftimg\"> <img decoding=\"async\"  class=\"shadow-large\" src=\"https:\/\/test.lesnejezioro.pl\/wp-content\/uploads\/2023\/03\/gallery18-scaled.jpg\" title=\"gallery18\" alt=\"\"><\/div> <\/div><\/div> <\/div><\/div> <\/div>","protected":false},"excerpt":{"rendered":"<p>Ekologiczne gospodarstwo agroturystyczne&#8222;Le\u015bne Jezioro&#8221; zaprasza na mi\u0142y urlop Lokalizacja Pi\u0119kne miejsce w wyj\u0105tkowej lokalizacji Jednym z najwa\u017cniejszych atut\u00f3w Le\u015bnego jeziora jest po\u0142o\u017cenie bezpo\u015brednio nad jeziorem Mielno, w otoczeniu sosnowych las\u00f3w, \u0142\u0105k i p\u00f3l. Lokalizacja \u0142\u0105czy w sobie blisko\u015b\u0107 natury i mo\u017cliwo\u015b\u0107 kontaktu z wod\u0105 z dobrze rozwini\u0119t\u0105 infrastruktur\u0105 turystyczn\u0105. Ekologia Prowadzimy gospodarstwo rolne metod\u0105 ekologiczn\u0105,&hellip; <br \/> <a class=\"read-more\" href=\"https:\/\/test.lesnejezioro.pl\/\">Czytaj dalej<\/a><\/p>\n","protected":false},"author":1,"featured_media":0,"parent":0,"menu_order":0,"comment_status":"closed","ping_status":"closed","template":"page-templates\/homepage.php","meta":[],"_links":{"self":[{"href":"https:\/\/test.lesnejezioro.pl\/index.php?rest_route=\/wp\/v2\/pages\/218"}],"collection":[{"href":"https:\/\/test.lesnejezioro.pl\/index.php?rest_route=\/wp\/v2\/pages"}],"about":[{"href":"https:\/\/test.lesnejezioro.pl\/index.php?rest_route=\/wp\/v2\/types\/page"}],"author":[{"embeddable":true,"href":"https:\/\/test.lesnejezioro.pl\/index.php?rest_route=\/wp\/v2\/users\/1"}],"replies":[{"embeddable":true,"href":"https:\/\/test.lesnejezioro.pl\/index.php?rest_route=%2Fwp%2Fv2%2Fcomments&post=218"}],"version-history":[{"count":31,"href":"https:\/\/test.lesnejezioro.pl\/index.php?rest_route=\/wp\/v2\/pages\/218\/revisions"}],"predecessor-version":[{"id":382,"href":"https:\/\/test.lesnejezioro.pl\/index.php?rest_route=\/wp\/v2\/pages\/218\/revisions\/382"}],"wp:attachment":[{"href":"https:\/\/test.lesnejezioro.pl\/index.php?rest_route=%2Fwp%2Fv2%2Fmedia&parent=218"}],"curies":[{"name":"wp","href":"https:\/\/api.w.org\/{rel}","templated":true}]}}